7. What are the prime factors of k?
37
Suppose 16 = s - 4*n, 2 = 4*s - 2*n - 20. Suppose s*q - 41 - 7 = 0. Suppose -2*d + 26 + q = 0. What are the prime factors of d?
19
Suppose x = -u + 13, -x - 4*u - 38 = -2*x. List the prime factors of (-7)/(147/x)*-28.
2, 3
Let p(m) = m**3 - 23*m**2 - m + 27. Let y be p(23). Suppose 5*l + 2*d = 1175 + 624, y*l - 3*d - 1430 = 0. List the prime factors of l.
359
What are the prime factors of 13 - 0 - (-48 - -10 - 29023)?
2, 14537
Let r(g) = g - 2. Let q be 81/(-18)*(-4)/3. Let m be r(q). What are the prime factors of 178/m + (-1)/(-2)?
3, 5
Let u(w) = -3*w**2 - 10*w - 6. Let i be u(-4). Let p = 16 + i. Suppose -4*b - p*b + 606 = 0. What are the prime factors of b?
101
Let y(n) = -n**2 - 10*n - 21. Let i be y(-7). Suppose i = -3*l - 7*l + 50. Suppose 143 = 3*f - 0*f + 5*p, f + l*p = 31. What are the prime factors of f?
2, 7
Let q be ((-356)/3)/((-38)/342). Let p = q - 211. List the prime factors of p.
857
Let j = 10 - 20. Let g be (j/(-3))/(20/690). Let b = g - 92. What are the prime factors of b?
23
Let s = 27 + -21. Let u be (-1)/((s/(-8))/3). Suppose 0 = -u*q + 125 + 7. What are the prime factors of q?
3, 11
Let o = -520 - -522. Suppose 0 = 5*s - o*k - 3346, 4*s - 2*k = 3101 - 425. What are the prime factors of s?
2, 5, 67
Let v(m) = 3*m**2 + 110*m - 3020. List the prime factors of v(-96).
2, 3517
What are the prime factors of 11/154 - (-426171)/42?
73, 139
Suppose 167*t - 58*t = 114123. List the prime factors of t.
3, 349
Let v = 13536 + 6876. What are the prime factors of v?
2, 3, 7
Let q(z) = 4*z**2 + 4*z + 4. Let b be q(-1). Suppose 4*c = -7*g + 3*g + 24, 0 = 2*g - b*c - 18. Suppose g*k - 8*k = -32. List the prime factors of k.
2
Let i be (-2)/(-3)*(-3843)/21. Let x = i + 407. What are the prime factors of x?
3, 5, 19
Let t(u) = u**3 + 3*u**2 - 9*u + 3. Suppose 4*b - 9 = 5*d, 3*d + 52 = -5*b + 17. Let j be t(d). List the prime factors of (-318)/j + 3 + (0 - 3).
3, 53
Let y(h) = 11*h**2 - 357*h + 24. What are the prime factors of y(35)?
2, 251
Let m be 0 + 229/(-6)*-4*6. Let y = m + -2460. What are the prime factors of y/(-4)*(-3)/(-6)?
193
Let l(s) = -s - 1. Let v(m) = m - 1. Let k(x) = l(x) - 6*v(x). Let c be k(-22). Suppose 0 = -j - 49 + c. What are the prime factors of j?
2, 5, 11
Let y(n) = -16*n - 8. Suppose -4*c + 23 = -3*o - 13, -5*o - 38 = -3*c. Let d be y(c). Let z = 20 - d. List the prime factors of z.
2, 31
Let u(b) = -3 - 9*b - 11 + 3. Let r be u(-2). Suppose 0 = -4*d + y + 67, 5*y - 32 = -r. What are the prime factors of d?
2, 3
Suppose -2*k = -u - 116, 46*k = 43*k + 3*u + 177. Suppose -4*y = -4, -3*f - 136 = -4*f + 3*y. Let d = f + k. What are the prime factors of d?
2, 7
Suppose -9*h = -357 - 48. Suppose -4148 = -h*z + 41*z. What are the prime factors of z?
17, 61
Suppose -166 = -2*k - 420. Let n = 293 + k. Suppose 2*d - 4*h = n, -d - 3*h = 2*h - 76. List the prime factors of d.
3
Suppose -x + 6*x = 4*h + 820, -4*x + h = -667. Suppose l + 4*j = -3*l + 228, 3*l - x = -2*j. Let u = -35 + l. List the prime factors of u.
19
Suppose 244 = -o + 4*j, 3*j + 811 = -5*o - 432. Let t = -87 - o. List the prime factors of t.
7, 23
Suppose 10*n - 486950 = -24*i + 12*n, -81170 = -4*i - 2*n. List the prime factors of i.
2, 5, 2029
Suppose 8*w - 229478 = 5*a, -5*w - 4*a + 96358 = -47080. List the prime factors of w.
2, 3, 7, 683
Suppose -170721 = 14*k - 476532 - 574061. List the prime factors of k.
2, 491
Suppose -5*n - n + 24 = 0. Suppose 5*s - 4*g = 12, n*s - 2 = -4*g + 22. List the prime factors of (-1 + s - 1) + (-160)/(-2).
2, 41
Suppose -3*m = m - 4*l - 12, 0 = 3*l + 3. What are the prime factors of ((-5)/15)/((-2)/(756/m))?
3, 7
Suppose 11*d - 208666 = 83923. List the prime factors of d.
67, 397
Let i(c) = -32*c**2 - 11*c + 62*c**2 + 1 - 32*c**2. Let p be i(-8). What are the prime factors of p/(-26) + 217/2?
2, 5, 11
Let y(f) = -112*f - 55. Let n be y(8). Let t = n + 1996. List the prime factors of t.
5, 11, 19
Let l = -1163 - -2184. Suppose -4*m = -3*n - l, 4*m - 1168 = 4*n - 148. What are the prime factors of m?
2
Suppose 22*u + 468 = 138. Let w(l) = l + 43. List the prime factors of w(u).
2, 7
Let h = 105313 - 63579. List the prime factors of h.
2, 7, 11, 271
Let o = -313 + 506. Let s(z) = z**2 - 3*z + 3. Let p be s(4). Suppose o + p = 5*q. List the prime factors of q.
2, 5
Let b(z) = -2*z**2 - 5*z**2 + 2 + z**3 - 7*z + 14*z**2. Let t be b(-6). Let y = t + -34. List the prime factors of y.
2, 23
Suppose -22891 = 8*b - 13*b + o, 3*o = -3. What are the prime factors of b?
2, 3, 7, 109
Let r be (-8)/(-24) + (44636/3)/4. Suppose 23*i = 35*i - r. List the prime factors of i.
2, 5, 31
Let d = 22 + -18. Suppose d*s = 391 + 1497. What are the prime factors of s?
2, 59
Let g(a) = -194*a**3 + 2*a**2 - 3*a**2 + 719*a - 718*a. List the prime factors of g(-1).
2, 3
Suppose 0 = o - 2, -104 = -2*r - 0*r - o. Suppose -1076 = -4*s + 4*a, 5*s - 4*a - 1296 = r. What are the prime factors of s?
271
Suppose -4*r + f + 2 = 0, 4*r = -f - 4 + 2. Suppose r = -5*y + 30 - 5. Suppose -5*l + 198 = -3*s, y*l + 5*s - 3*s - 193 = 0. List the prime factors of l.
3, 13
Let w = 12 + -7. Suppose 0 = -5*r - k - 2*k - 340, 3*k = w*r + 310. Let y = -58 - r. What are the prime factors of y?
7
Suppose z + 49 + 2076 = -5*u, -2*u + 3*z = 850. Let v = 449 + u. List the prime factors of v.
2, 3
Let u(o) = -2 - 65*o + 2*o**2 + 25*o + 4 + 52*o. Let k be -8 + -2*1/2. What are the prime factors of u(k)?
2, 7
Let p = -120 + 124. Suppose -p*x = -485 - 1839. List the prime factors of x.
7, 83
Let h(i) = 67*i**3 + 11*i**2 - i - 4. Let s(m) = 3*m**2 - 13*m + 7. Let u be s(4). What are the prime factors of h(u)?
1901
Let p(k) be the third derivative of -91*k**4/24 - 5*k**3/2 + 53*k**2. What are the prime factors of p(-5)?
2, 5, 11
Let p(n) = n**3 - 4*n**2 - 119*n - 83. What are the prime factors of p(25)?
10067
Let g be (12/(-8))/(2/(-4)). Suppose -r = 3*t - 6, -g*r + 10 = 6*t - t. List the prime factors of (-195)/(r + 12/(-16)).
2, 5, 13
Let u(o) = o**3 + 18*o**2 + 29*o - 48. Let q be u(-16). Suppose -4*z = -q*z + 5*f - 2302, 0 = -4*z + 3*f + 2286. List the prime factors of z.
3, 191
Let i(f) = 4*f**2 - 4*f - 30. Suppose 0 = -x - x - 4*n + 16, 2*x = -3*n + 16. What are the prime factors of i(x)?
2, 97
Let i be -1*1611*(448/(-12))/14. Suppose 18*u - 10*u = i. List the prime factors of u.
3, 179
Let x be 2/((4/(-10))/(6/(-10))). Suppose 2*m - 4*j = 4, -2*m + j + 1 = x*m. List the prime factors of 5*(4 + 1*(m - 3)).
5
Suppose 2*r - 7*r + z = -541, 3*r = z + 323. Let h = r - 115. List the prime factors of 0*3/h - -5.
5
Let b(p) = 11*p**3 - 2*p**2 + 4*p - 11. Let s(t) = -t**3 + t + 1. Let h(k) = b(k) + 2*s(k). List the prime factors of h(3).
2, 3, 13
Let d(s) = -14*s - 10. Let i be d(-2). Suppose -5*y + i*y - 611 = 0. What are the prime factors of y?
47
Suppose -86 = 3*c - 362. Suppose 27 = -x + z, -4*z + 0*z - c = 4*x. What are the prime factors of (-190)/(-3)*(-60)/x?
2, 19
Let o = 15679 - 5149. List the prime factors of o.
2, 3, 5, 13
Let y = -15871 - -24430. What are the prime factors of y?
3, 317
What are the prime factors of 354/(-472) + ((-63446)/8)/(-1)?
2, 5, 13, 61
Suppose 82*u - 85*u + 3*j = -58746, u - 19554 = 5*j. What are the prime factors of u?
19, 1031
Let x = 44 - 37. Suppose x*z + 114 = 793. Suppose 2*w = z + 35. List the prime factors of w.
2, 3, 11
Let l(s) = -2*s**2 + 10*s - 8. Let f be l(9). Let y be 336/(-9) + 10/15*-1. Let j = y - f. List the prime factors of j.
2, 3, 7
Suppose 5*z = m - 15, 0 = -5*m - z - 77 + 22. Let d = -2999 + 4630. What are the prime factors of (-4)/m - d/(-35)?
47
List the prime factors of 8 - (-14 - (0 + -2) - 13968).
2, 13, 269
Let q(h) = -3*h**3 + 3*h**2 - 2*h + 5. Let i be q(-4). Let g be -6 - -1 - (3 + -17). Suppose -g*m = -i - 260. List the prime factors of m.
3, 19
Let u be ((-11)/(-3))/(16/(-24) - -1). Let r(y) = -u*y + 23 + y**2 - 12*y - 2*y - 2*y**2. List the prime factors of r(-14).
3, 59
Let i(s) be the third derivative of 49*s**4/4 - 179*s**3/3 - 3*s**2 - 4*s. What are the prime factors of i(7)?
2, 5, 17
Suppose 0 = -7*m - 2007 + 19. Let d = m - -322. List the prime factors of d.
2, 19
Suppose c = 8 + 8. Suppose -2*w - c + 20 = 0. Suppose -5*r + 4*g = -307, -2*r - r + w*g + 185 = 0. List 